(o) = 8*o**2 + 2*o - 2. Let r be s(-2). What is the units digit of (-4)/r - (-2619)/39?
7
Let j(z) = -7*z + 1 + 21*z**2 - 21*z**2 + 12*z**2. What is the units digit of j(3)?
8
What is the units digit of ((-59)/24*-6)/(2/32)?
6
Let n(t) = -t**3 + 10*t**2 + t + 10. Let w(f) = -f**2 + f + 84. Let z be w(0). Suppose 5*l = z - 34. What is the units digit of n(l)?
0
Let a = 167 + -252. Let c = a + -19. What is the tens digit of (-3)/(-21) + c/(-7)?
1
Let r = 108 - 95. What is the tens digit of (-26)/169 - (-2368)/r?
8
Let w be (1 - 5)/(13/78). Let f = w - -58. What is the tens digit of f?
3
Suppose -30*a = -15*a - 15. Let j(x) = 112*x**3 + x**2 - 2*x + 2. What is the hundreds digit of j(a)?
1
Let m be (5 - 0) + 9 + -15. What is the hundreds digit of m*(4 - 286 - 3) + -1?
2
Let z = -206 - -2404. What is the units digit of z?
8
Let k(a) = 24*a**2 - 29*a - 121. What is the tens digit of k(-6)?
1
Suppose 2*r + 15 = 7*r. Suppose l + 9 = 3*p, -4*l = -l - 3*p + r. What is the units digit of 35/l + 10/(-15)?
1
Suppose -107*m = -108*m + 3900. What is the tens digit of m?
0
Let n = -126 + 225. Suppose 101 = 4*d - n. Suppose -z - d = -o, 2*o + 3*z - 258 = -3*o. What is the units digit of o?
1
Let a = -723 - -1610. What is the tens digit of a?
8
Let x = 5233 + -3496. What is the tens digit of x?
3
Let q = 9 - 14. Let k be 0 - 0 - (8 + q). What is the units digit of (1 - k)*10/8?
5
Suppose 22*q = -12*q + 84830. What is the units digit of q?
5
What is the thousands digit of (-19 - -74 - -2)/(3/98)?
1
Let s = 102 - 94. Suppose -4*f = -6*f - s, -5*n - 5*f - 5 = 0. What is the units digit of n?
3
Suppose 0*g = -g + 27. Let f = g + -24. Suppose -8*s = -f*s - 95. What is the tens digit of s?
1
Let i(j) = -6*j - 1. Let k be i(-1). Suppose -5*h = -k*m + 20, -h = 3*h - 3*m + 11. Suppose p - 19 = h. What is the units digit of p?
0
Let r be 1 + -2*1*(-1)/2. Suppose 24 = r*f - 14. What is the units digit of f?
9
Suppose 677 = 3*v + w - 4, -4*v - 5*w + 908 = 0. What is the hundreds digit of v?
2
Suppose -n + 2*a + 2*a - 7 = 0, 0 = -5*n + 2*a + 55. Suppose 200 = n*w - 5*w. What is the tens digit of w?
2
Let r = 18 - 20. Let b be -3*24/9*r. Suppose 2*u = -2*u + b. What is the units digit of u?
4
Let m(v) = -10*v + 10*v**2 + 11*v + 17*v - v**3 - 4. Let i be m(12). Let r = i + 119. What is the units digit of r?
3
Suppose -402*t = -417*t + 330. What is the units digit of t?
2
What is the tens digit of -12*326/(-4) + -4?
7
Let m be (32 - 0) + 2 - 3. Suppose -6 = 5*v - m. Suppose -8 = -2*i + 3*j + 15, j + v = 0. What is the units digit of i?
4
Suppose 3*s = -9*s - 948. Let w = s - -127. What is the units digit of w?
8
Let i(f) = -f + 30. Let t be i(14). Let j = t + -16. Suppose j*v = -v + 26. What is the units digit of v?
6
Let u(j) = -4*j**3 + 3*j**2 + j + 1. Let x be u(-2). Suppose 3*g - 113 = x. Suppose -5*z = -z - g. What is the tens digit of z?
1
Suppose 471 = 11*d - 486. Suppose -5*y = d - 312. What is the units digit of y?
5
Suppose -2*i + 52 = 3*q, -3*i = -4*i + 2. Let o = 70 + q. What is the units digit of o?
6
Let y(h) = 73*h**3 + 2*h**2 - 6*h + 5. What is the tens digit of y(2)?
8
Suppose 1038 = w - p, -5*p = 3*w - 7*p - 3112. What is the units digit of w?
6
Suppose -n = -2*n + 4, -5*v + 4*n - 131 = 0. Let y = -112 - -59. Let l = v - y. What is the tens digit of l?
3
Suppose 657 - 1767 = -15*w. What is the tens digit of w?
7
Let w(p) be the second derivative of -p**3/6 + 47*p**2/2 - 11*p. What is the tens digit of w(0)?
4
Suppose 0 = -0*m - 2*m + 3*r + 1495, -m = -2*r - 745. What is the tens digit of m?
5
Suppose 0 = -4*o + 9*o - k - 3, -3*k - 9 = -2*o. Suppose o*g - g - 34 = 0. What is the tens digit of 1*(-1 + 3) - g?
3
Suppose -15 = -2*v - 3*v. Let p be 0 - (6/v - 1). What is the units digit of (4/8)/(p/(-32))?
6
Let u = -9 + 21. Let l(t) = -t**3 + 3*t**2 + 5*t - 4. Let b be l(4). Suppose b = -k + u - 1. What is the units digit of k?
1
Let c be (-10 - -11)/((-2)/(-62)). Let s = c - -3. Let o = -18 + s. What is the tens digit of o?
1
Suppose -1379 = -4*p - 191. What is the units digit of p/6 - 1/2?
9
Suppose -5*k + 268 + 172 = 0. Let c = k - 20. What is the tens digit of c?
6
Let m = 556 - 253. What is the hundreds digit of m?
3
Let a = 6631 + -4431. What is the units digit of a?
0
Let s(w) = -165*w - 115. What is the thousands digit of s(-15)?
2
What is the thousands digit of (30/75 + (-15268)/(-30))*6?
3
Suppose -5*q - d + 1686 = 28, -5*d = 2*q - 677. What is the hundreds digit of q?
3
Let u(m) = 2*m**3 - 14*m**2 + 14*m - 9. Let p be u(6). Suppose -p*j + 3*k + 61 = 2*k, -j = 2*k - 11. What is the units digit of j?
9
What is the units digit of 3544 + (5 - 4) - (4 + -5)?
6
Let y(j) = 2*j - 8. Let u be y(11). Suppose u = -4*g - g - 4*k, -2*g = -5*k + 32. Let n = -3 - g. What is the units digit of n?
3
Let r = 1328 + -690. What is the hundreds digit of r?
6
Let g(y) = y**3 + 23*y**2 + 21*y + 45. Suppose -5*b - 20 = 0, -5*b = 3*k + 57 + 29. What is the units digit of g(k)?
7
Let d(n) = n**3 - 6*n**2 + 10*n - 5. Let y be ((-7)/28)/(1/(-16)). What is the units digit of d(y)?
3
Suppose -6*k + 24 = -3*k. Suppose 4*g + 896 = k*g. Suppose -3*q - 2*i = 2*i - 168, -3*i = 4*q - g. What is the tens digit of q?
5
Let a(p) = -47*p + 150. What is the hundreds digit of a(-8)?
5
Suppose 4*q - 778 = -8*y + 6*y, 2*y - 3*q - 750 = 0. What is the hundreds digit of y?
3
What is the units digit of ((-119)/35 - -1)*(-780)/18?
4
What is the units digit of (59*8 + 1)/(-7 + 8)?
3
Let o(f) = 4*f**2 + 40*f - 76. What is the thousands digit of o(-26)?
1
Let z(p) = -p**2. Let t be z(2). Let b = t - -4. Suppose 0 = 5*u + 5*y - 155, b*y = -3*u + 2*y + 103. What is the tens digit of u?
3
Suppose 14*p - 2107 = 7*p. What is the units digit of p?
1
Let a(h) be the third derivative of 9*h**4/8 + h**3/2 - 16*h**2. What is the units digit of a(3)?
4
Let b be ((-1)/(-1) + 5)*-1. What is the units digit of (-168)/b*48/14?
6
Let b = 178 + 22. What is the hundreds digit of (128/(-40))/((-4)/b)?
1
Let i = -39 + 87. Let m = 67 - i. What is the tens digit of m?
1
Suppose 2*a = 4*p + 8966, -5*a + 41*p = 37*p - 22445. What is the tens digit of a?
9
Let g be (-120)/45*(-18)/4. Suppose g = -3*k, c - 2*k = 3*c - 16. What is the tens digit of c?
1
Let i be (-5)/((-10)/(-8)) + 906/2. Suppose 5*d - 326 = i. What is the units digit of d?
5
Suppose 4*o + 19 = -y - 42, -155 = 3*y - 2*o. Let q = y - -94. What is the units digit of q?
1
Let f = 4 - 0. Suppose 2*r - f = 2*w, r + 2*w = 2*r + 1. What is the units digit of 2/6*75/r?
5
Let o = 436 - 137. What is the units digit of o?
9
Let w = 16 - 25. Let a = w + 12. Suppose 0 = 5*b + l - 109, 2*l + a*l + 5 = 0. What is the units digit of b?
2
Let q = 13 - 18. Let y(l) = l**2 + 4*l + 4. Let s be y(q). Let r = s + 14. What is the tens digit of r?
2
What is the hundreds digit of (-196704)/(-45) - (5/25)/1?
3
Let k(j) be the first derivative of 2*j**3/3 + 11*j**2/2 + 3*j - 6. What is the units digit of k(-8)?
3
Suppose 7*n - 3*n - 4 = 0. Suppose 125 + n = 6*w. What is the units digit of w?
1
What is the thousands digit of 3401 - 13/((-117)/(-90))?
3
What is the tens digit of ((-96)/240)/(2/(-7260))?
5
Let v(k) = 18*k + 2. Let f = 4 - -1. Let x be v(f). Let p = -60 + x. What is the tens digit of p?
3
Suppose -6*h + 3*h = -18. Suppose 3*g - h = -3*r, r - g = -0 + 6. Suppose -r*s - 105 = -9*s. What is the units digit of s?
1
Let j(h) = h**3 - 7*h**2 + 2*h - 2. Let f be j(2). Let a = 72 + f. What is the units digit of a?
4
Let y = 48 - 45. What is the units digit of 78 - -1 - 1/(y/(-9))?
2
Suppose -7*n + 5*n = 0. Let k(f) = -f + 30 + f**2 - 6*f**2 + 3*f**2 + 0*f. What is the units digit of k(n)?
0
Suppose 2*p - 4 + 0 = 0. Suppose 12 = -3*f, -3*o - p*f - 2*f = -80. What is the tens digit of o?
3
Suppose -31 = -3*v + 2*u, -v - 3*u = -6*v + 50. Suppose -3*o - v = 2. What is the units digit of (-29 - o)/(-2) + -1?
2
Suppose -9*u + 5655 = -6*u. What is the hundreds digit of u?
8
Let g(n) = 10*n**3 - 5*n**2 + 3. What is the hundreds digit of g(4)?
5
Suppose -2*a - 56 = 2*a. Let p = a + 19. Suppose -5*k = -3*h + 115, -2*k - 100 = -p*h + 2*h. What is the units digit of h?
0
Suppose u + 4*l - 67 = -4*u, u + 4*l = 23. Suppose -u*z = -1902 - 628. What is the tens digit of z?
3
Suppose 22 = -j + 